14
Suppose 2*q = 1425 - 1275. What is the remainder when 148 is divided by q?
73
Suppose 5*o = -z - 19, o + 4 = -0. Let v be (0 + z - 3)*-1. Suppose v*a + 5*j - 33 = 0, 9 - 49 = -2*a + 2*j. What is the remainder when 75 is divided by a?
18
Suppose -3*v + 644*f + 12 = 647*f, -17 = -2*v + f. Let m(j) = j + 18. Calculate the remainder when m(0) is divided by v.
4
Suppose 14 = c - 0*c. Let d = -29 + 34. Suppose b = 2*l - 6, 3*l - 12 - 10 = -d*b. Calculate the remainder when c is divided by l.
2
Let g(m) = m**2 + 2*m. Let q be g(-3). Let a = 10 + q. Let t(i) = -i**2 + 12*i + 18. Calculate the remainder when 19 is divided by t(a).
4
Let d be 2 - (2 + -4 - 247). Suppose d = 5*v - 2*t, -4*t - 194 = -4*v + t. Calculate the remainder when 101 is divided by v.
50
Let t = 22 + -4. Let r = -30 + t. Calculate the remainder when 10 is divided by r/18*(-9)/2.
1
Let l = 911 + -893. Calculate the remainder when 123 is divided by l.
15
Suppose -371*d = -376*d + 2755. What is the remainder when d is divided by 35?
26
Suppose -2*d - 4 = -214. Suppose -4*y = 5*q - 2*y - 210, 3*q - d = 3*y. Calculate the remainder when q is divided by 15.
10
Let w(l) be the third derivative of 0*l - 1/3*l**3 + 0 + 5/8*l**4 - 1/60*l**5 + 9*l**2. What is the remainder when 46 is divided by w(14)?
10
Suppose 0 = -89*z + 96*z - 252. Calculate the remainder when 69 is divided by z.
33
Suppose -3*y + 4*r = 5 - 4, 0 = -5*y - 3*r - 21. Let v(o) = o + 11. What is the remainder when (0 - (-263 - 4))*(-1)/y is divided by v(7)?
17
Let u(o) = -o**3 - 10*o**2 - 37*o - 5. Calculate the remainder when 221 is divided by u(-4).
33
Calculate the remainder when 60 is divided by 24/(-9)*1*(7 - 13).
12
Let b(a) = 19*a**2 + 2*a - 1. Let l be b(1). Suppose -12*i = -l*i + 136. Calculate the remainder when 27 is divided by i.
10
Let u = 566 + -238. Suppose -6*a - 2*a + u = 0. What is the remainder when 161 is divided by a?
38
Let w(h) = -h**3 + 36*h**2 + 18*h - 30. What is the remainder when w(36) is divided by 24?
18
Suppose v - 2*f + 5*f = 11, 0 = -3*v + 5*f + 5. Suppose -v*x + 3 = -2*x. Suppose 29 + x = 5*t. What is the remainder when 16 is divided by t?
4
Suppose 3*i = -n - 2914, 3*i + 2207 = -3*n - 709. Calculate the remainder when (-25)/125 + i/(-5) is divided by 39.
38
Suppose 7*k = 2*k - 40. Let s(y) = -y**3 - 12*y**2 + 10. Let b be s(-12). Let t = b + k. What is the remainder when t is divided by 2?
0
Let g be 0/(((-12)/(-3))/(-4)). Suppose 25 = 5*s, -p + s + 20 = -13. Let w = p + g. Calculate the remainder when w is divided by 13.
12
What is the remainder when (103/2 - 0)/(114/684) is divided by 62?
61
Let w(m) = 10*m + 416. Calculate the remainder when 77 is divided by w(-40).
13
Suppose -y - 2*o + 75 = 0, -2*y = -4*y - 2*o + 154. Let u = 131 - y. Calculate the remainder when u is divided by 28.
24
Let z = -51 + 12. What is the remainder when (z/2)/(3/(-8)) is divided by (18/8)/(1*3 - (-253)/(-88))?
16
Let a = -74 + 209. What is the remainder when a is divided by 6?
3
Let a be 8/2 + -7 + -2. Let z(j) = -j**3 - 5*j**2 - 4*j - 11. What is the remainder when 35 is divided by z(a)?
8
Suppose -794 + 600 = -k. What is the remainder when k is divided by 4?
2
Suppose -5*m + 0*o + 6 = 4*o, 2*m - 3*o = -16. Calculate the remainder when (m - (1 + -32))/(-4 - -5) is divided by 8.
5
Let z = 131 + -108. Suppose 0 = z*b - 17*b - 78. Calculate the remainder when 141 is divided by b.
11
Suppose 7*m - 40 = 3*m. Suppose -m*y + 7*y = -27. What is the remainder when y is divided by 3?
0
Let k(f) = 12*f**2 - 5*f - 9. Calculate the remainder when k(-4) is divided by 34.
33
Let c = -16 - -2. Let o be 4/c - (-92)/28. Suppose 4*m + h = o*h + 6, -m + 3*h = 6. What is the remainder when 3 is divided by m?
0
Let q(h) = h**3 - 6*h**2 + 3*h - 37. Calculate the remainder when 63 is divided by q(7).
30
Let r(o) = o. Let a(l) = l**3 + l**2 - 3*l + 3. Let v be a(-3). Let n be r(v). Calculate the remainder when (-30)/(n - -3) + -3 is divided by 5.
2
Let t(x) = -x**2 + 4*x - 1. Let j be t(4). Let q(n) = 21*n**2 - n - 1. Let o = -3300 + 3308. Calculate the remainder when q(j) is divided by o.
5
Let z be 34/10 + 14/(-35). Suppose -4*m = 4*g + 76, z*g + 68 = -2*g + 4*m. Let v = 0 - g. What is the remainder when v is divided by 10?
6
Suppose -22 + 72 = 5*v. Calculate the remainder when 125 is divided by v.
5
Let i(m) = 4*m**2 - 6*m + 4. Let h(c) = -c + 10 - c**3 + 7*c**2 - 13*c**2 + 5*c. Calculate the remainder when h(-7) is divided by i(2).
7
Let s(m) = -m**2 - 13*m - 2. Let x = 36 + -57. Let u = 13 + x. Calculate the remainder when s(u) is divided by 10.
8
Let l be (-6)/(-1*2/3). Suppose -y + 96 = l. Let d = y - 50. Calculate the remainder when d is divided by 13.
11
Suppose 91*j = 99*j + 24. Let o(p) = 4*p - 9. Let h(s) = 3*s - 10. Let q(n) = 5*h(n) - 6*o(n). Calculate the remainder when q(j) is divided by 8.
7
Let w(n) = 229*n - 3882. Suppose -2*q + 4*k + 55 = -17, 3*q - 4*k = 102. Calculate the remainder when q is divided by w(17).
8
Suppose -5*p + 5*u + 12 - 2 = 0, p + 5*u + 16 = 0. Let g(d) = -104*d + 3. What is the remainder when g(p) is divided by 37?
33
Let k(c) = 2*c**2 - 18*c + 27. Let t(f) = f**2 - 9*f + 14. Let j(q) = -6*k(q) + 13*t(q). Calculate the remainder when 33 is divided by j(9).
13
Let v(p) = -3*p**2 + 4*p + 2. Let g be v(-3). Let b = g + 72. Let w = 20 - 11. What is the remainder when b is divided by w?
8
Suppose 125*k - 4485 = 110*k. What is the remainder when k is divided by 60?
59
Let x = 224 + -160. Suppose -3*z = 14*s - 9*s - 117, 5*z - 214 = -2*s. Suppose -2*m = 2*m - z. What is the remainder when x is divided by m?
9
Let u = 30 - -4. Suppose t + t - 46 = -4*q, 2*t + u = 4*q. Let f = 6 - 2. Calculate the remainder when q is divided by f.
2
Suppose -2*a + 6 = -0. Let w(k) = 45*k**2 - k**3 - 41*k**2 + 5*k + 0*k + 3. What is the remainder when w(5) is divided by a?
0
Suppose -y = -2*y + 2*y. Suppose -4*k - v + 6*v + 396 = y, 4*k - 3*v - 388 = 0. Calculate the remainder when k is divided by 19.
18
Let y = -49 - -49. Suppose 5*r + 191 - 696 = y. Calculate the remainder when r is divided by 17.
16
Suppose -n = -6*n + 80. Let k be (-16)/20 - (-34)/5. Calculate the remainder when n is divided by (-4)/(-6) - (-50)/k.
7
Let z(w) = -48*w - 44. Let r be z(-4). Suppose -88 = 2*u - r. Let a(k) = -k**2 - 6*k + 3. Calculate the remainder when u is divided by a(-5).
6
Suppose 0 = 5*w - v - 462, -81*w + 79*w + 4*v = -174. What is the remainder when w is divided by 30?
3
Suppose -141*b + 7869 = 42*b. Suppose 34 - 4 = 2*o. Calculate the remainder when b is divided by o.
13
Suppose -115 = -261*q + 256*q. Calculate the remainder when 177 is divided by q.
16
Let v be (33 + (-2)/1)/1. Suppose -4*g + q = -200, -120 = -3*g + q + v. Let z = 2 - -15. What is the remainder when g is divided by z?
15
Suppose -27 - 123 = -5*s. Let t(l) = -l**3 - 6*l**2 - 6*l - 5. Let c be t(-5). Suppose c*n = -3*n + 48. What is the remainder when s is divided by n?
14
Suppose -m - 2*j = 4*m - 600, 0 = -5*m + 3*j + 625. Suppose 0 = -3*k + m + 7. Calculate the remainder when k is divided by 11.
10
What is the remainder when 128 is divided by 62 - (-2)/(3/(9/2))?
63
Let d(f) = 21*f - 3. Suppose 0 = 16*z - 15*z - 2. Let o = 0 - -10. Calculate the remainder when d(z) is divided by o.
9
Let h = 2457 + -2437. Calculate the remainder when h is divided by -3*(0 - 2) - -1.
6
Let q(n) = n**3 + 9*n**2 - n - 8. Let j be q(-9). Let d = 19 + j. Suppose -2*o + 0*o = -d. What is the remainder when o is divided by 3?
1
Let n = -3226 + 5096. Calculate the remainder when n is divided by 13.
11
Let k(i) = 6*i**3 + 7*i**2 - 2*i + 9. Let r be k(3). Suppose -31*h = -27*h - r. What is the remainder when h is divided by 12?
9
Let w = 0 - -2. Let u be 19/(-171) - (-56)/18. Suppose 31 - 7 = u*z - 3*t, 0 = -t - w. What is the remainder when z is divided by 3?
0
Suppose 0*g - 6 = g. Let j = g + 21. Calculate the remainder when 29 is divided by j.
14
Let w = 89 + -86. Calculate the remainder when w is divided by 3.
0
Suppose 3*s + 4*q = -8, 5*s + 2*q - 3*q = 25. Suppose s*f = 3*f + 25. Suppose 0 = -4*i + 24 + 32. What is the remainder when f is divided by i?
11
Calculate the remainder when ((-3)/(-6))/((-1)/(-728)) is divided by 61.
59
Suppose -17*h - 790 = -3085. What is the rema